ase 4?
-23102311030
What is 5caa4 (base 16) in base 7?
3140402
What is 1c638 (base 16) in base 9?
186450
-1011012212211 (base 3) to base 6
-21100421
6453b9 (base 14) to base 7
40600122
Convert 233135 (base 8) to base 10.
79453
Convert -5c988d (base 15) to base 5.
-2113433213
What is -69a863a (base 11) in base 8?
-56533554
What is 133133 (base 8) in base 13?
18330
Convert 2223203300 (base 4) to base 14.
144132
Convert 4113140 (base 5) to base 16.
1046e
Convert -7a2085 (base 14) to base 13.
-b26006
23045641 (base 7) to base 5
1003333200
Convert 10111101000101 (base 2) to base 5.
341401
Convert -24113101 (base 7) to base 4.
-20021331301
What is -52575 (base 9) in base 11?
-24109
What is 333331 (base 11) in base 16?
81c0a
6850d8 (base 14) to base 4
31202100112
Convert -246061 (base 7) to base 10.
-45319
What is 22411145 (base 6) in base 5?
133421430
Convert dc57 (base 15) to base 12.
23001
Convert 102000221210 (base 3) to base 10.
217209
1310434 (base 6) to base 9
118004
11189 (base 11) to base 5
1004230
What is -30511373 (base 8) in base 4?
-120221023323
What is -6535763 (base 8) in base 10?
-1752051
1000010110110001000 (base 2) to base 16
42d88
What is 9873a9 (base 11) in base 8?
6006702
Convert 202311130 (base 4) to base 13.
4cc39
-1101000022121 (base 3) to base 13
-1c6789
Convert -253514452 (base 6) to base 3.
-100021222112112
-56cb81 (base 14) to base 5
-1224023223
-2120221202 (base 3) to base 4
-30130310
389b08 (base 12) to base 9
1666058
What is -64b781 (base 13) in base 11?
-1377784
What is -38a062 (base 15) in base 3?
-12010000222102
What is 1011011010000110001 (base 2) in base 13?
1011b7
Convert 2150066 (base 8) to base 3.
1002100022020
Convert 5acc99 (base 13) to base 14.
407065
67f656 (base 16) to base 6
402010530
What is 41402 (base 12) in base 15?
1a3d5
What is 64461 (base 9) in base 2?
1010011010100101
-14040243 (base 6) to base 8
-1631443
Convert 6018 (base 9) to base 16.
1127
Convert 843e9 (base 16) to base 4.
2010033221
What is -1012122101 (base 3) in base 14?
-895b
What is 61220 (base 9) in base 6?
510243
20110330231 (base 4) to base 11
12610a7
Convert 32015315 (base 6) to base 11.
589a3a
What is -4132424 (base 9) in base 12?
-8a4964
Convert -398222 (base 10) to base 13.
-10c346
What is 7a912 (base 14) in base 11?
193a9a
What is -60466 (base 8) in base 9?
-37121
Convert 3963855 (base 11) to base 7.
112166165
-131024241 (base 5) to base 8
-2346616
-524a8 (base 14) to base 2
-110000011101100100
What is b2d0 (base 15) in base 6?
450510
What is 6268a (base 13) in base 2?
101011001011111000
What is -211313130 (base 4) in base 9?
-255673
-1404250 (base 7) to base 15
-3a357
-36322640 (base 7) to base 14
-602190
What is 4164052 (base 7) in base 12?
20326a
What is -18274 (base 12) in base 4?
-20201320
Convert -b7571 (base 12) to base 8.
-726545
Convert 22501430 (base 6) to base 13.
1b323a
What is -1314303131 (base 5) in base 14?
-613944
-1112321330 (base 4) to base 15
-7070e
What is b4b53 (base 16) in base 10?
740179
106815 (base 11) to base 16
29825
What is -1111111222 (base 4) in base 5?
-42141141
What is -60638 (base 11) in base 15?
-1b3c8
What is -42567515 (base 8) in base 12?
-3071291
Convert 1792a2 (base 13) to base 6.
20402131
What is 1598aa3 (base 11) in base 8?
12301454
Convert 2110040 (base 5) to base 9.
53031
Convert -233311300323 (base 4) to base 8.
-57656073
What is -20221343 (base 5) in base 15?
-338b8
-267413 (base 12) to base 5
-130303032
What is -3d954 (base 16) in base 9?
-424011
What is 221031301301 (base 4) in base 3?
202022220202122
What is -4002545 (base 7) in base 8?
-1631010
What is -111101110010101011100 (base 2) in base 5?
-1004243141
What is -21574 (base 11) in base 3?
-1120221020
211020243 (base 5) to base 15
1249b8
What is -30502504 (base 6) in base 15?
-125804
What is 14618c (base 13) in base 4?
1321310330
What is -3052a (base 16) in base 4?
-300110222
What is -1655304 (base 8) in base 13?
-13b500
What is -350276 (base 9) in base 13?
-7488c
Convert 10b341 (base 16) to base 10.
1094465
-4410240231 (base 5) to base 3
-122210201100021
Convert -10111000011010110 (base 2) to base 6.
-2005050
3916137 (base 11) to base 16
678f72
11677356 (base 9) to base 6
322333340
24621e (base 15) to base 12
70010b
-20012031211 (base 4) to base 15
-2bddb7
32213014 (base 5) to base 7
2214403
Convert 22133133301 (base 4) to base 2.
1010011111011111110001
What is -304242043 (base 5) in base 11?
-77a202
Convert 1d03a49 (base 14) to base 4.
313123232301
What is -58cd (base 15) in base 14?
-6c3a
-12430400011 (base 5) to base 7
-245405600
-3ada59 (base 15) to base 14
-5397a8
Convert 3088d2 (base 14) to base 3.
10002011210011
What is -af4ac (base 16) in base 6?
-23220020
2647c4 (base 16) to base 6
125434312
What is -24434223 (base 5) in base 4?
-321003120
What is -1a0227 (base 15) in base 2?
-100110101000111000000
What is -2774d (base 15) in base 4?
-132320323
Convert b69f (base 16) to base 10.
46751
-25a9960 (base 11) to base 14
-854b85
151123103 (base 7) to base 10
10022855
23210032102 (base 4) to base 2
1011100100001110010010
-105699 (base 12) to base 9
-433470
-4a4a6b (base 13) to base 2
-110110010111001100101
-14c1b (base 15) to base 7
-365621
-8940 (base 13) to base 5
-1103044
Convert -200399 (base 10) to base 6.
-4143435
What is 42343425 (base 6) in base 13?
346646
Convert -78a9 (base 12) to base 5.
-412002
50634614 (base 7) to base 6
230335245
What is -2676454 (base 11) in base 3?
-22200202001120
Convert -102311012 (base 4) to base 12.
-38772
What is 21003113003 (base 4) in base 11?
1380a07
What is -36b850 (base 12) in base 3?
-1200021101220
Convert 121ab (base 14) to base 8.
126333
What is -11002120220012 (base 3) in base 8?
-10233316
Convert 10110011011101101010 (base 2) to base 15.
e7c07
-1807272 (base 9) to base 13
-29444c
-262019 (base 12) to base 6
-21224033
Convert 113022003 (base 4) to base 10.
94851
Convert -455570 (base 8) to base 11.
-a6084
-24774a (base 12) to base 8
-2207552
What is 5b43c (base 14) in base 11?
142690
What is 300547 (base 9) in base 11?
111480
Convert 4ddd8 (base 15) to base 16.
3ce9f
Convert -1006a4 (base 13) to base 10.
-372441
What is -505351 (base 10) in base 15?
-9eb01
Convert -311231203320 (base 4) to base 3.
-222111100110200
What is 1011068 (base 9) in base 4?
2003202221
What is -1033103023 (base 4) in base 8?
-1172313
2258720 (base 9) to base 6
42053030
Convert -23000112 (base 4) to base 15.
-d553
What is 507944 (base 12) in base 8?
4630204
What is -416504 (base 7) in base 14?
-1c304
What is -10b9a3 (base 12) in base 5?
-32104014
3e677 (base 16) to base 5
31134412
What is -4052a5 (base 11) in base 12?
-274a40
13568 (base 9) to base 8
21777
13147720 (base 8) to base 6
142540120
Convert 15a7a1 (base 13) to base 7.
4365466
Convert -52d61 (base 14) to base 13.
-70181
-1033605 (base 7) to base 16
-1ece4
Convert 5480666 (base 9) to base 15.
3d3040
What is 3355054 (base 6) in base 11?
107435
33123011213 (base 4) to base 8
17330547
Convert 3d629 (base 15) to base 8.
601023
-b8a95 (base 12) to base 7
-2032556
What is 1004232044 (base 5) in base 6?
111214252
What is -244532 (base 13) in base 14?
-187ad2
What is -11000001001000001001001 (base 2) in base 16?
-609049
-523b95 (base 15) to base 14
-73b357
Convert 201121112212 (base 4) to base 6.
511350314
Convert -144141 (base 9) to base 7.
-515341
Convert 3014320 (base 5) to base 16.
bbd5
Convert -1718ba (base 16) to base 14.
-2b58a6
101001011111110 (base 2) to base 3
1002010220
Convert -87b0a3 (base 12) to base 13.
-5a5b17
Convert 1101120120010 (base 3) to base 15.
e9229
-1a9330 (base 15) to base 11
-806277
What is -96a79 (base 16) in base 8?
-2265171
11100110110001011 (base 2) to base 11
80854
What is -3871a06 (base 12) in base 15?
-e92ea9
2370591 (base 10) to base 16
242c1f
233031 (base 5) to base 15
27cb
Convert -319dce (base 16) to base 12.
-11098ba
-16b8a30 (base 13) to base 15
-9ae0b3
-222112100112 (base 3) to base 10
-522221
-356411 (base 7) to base 4
-33302300
What is 21110022112 (base 3) in base 8?
436507
Convert -100010000010101010 (base 2) to base 11.
-95839
What is -1020144 (base 5) in base 14?
-624c
What is 1112022131 (base 4) in base 10?
352925
Convert 77a27 (base 16) to base 15.
9a2d3
Convert -14f9c8 (base 16) to base 10.
-1374664
What 